s of 45505953.
3, 5056217
What are the prime factors of 110348211?
3, 36782737
What are the prime factors of 4442280824?
2, 293, 461, 4111
What are the prime factors of 106267240?
2, 5, 2656681
What are the prime factors of 1092150536?
2, 2113, 64609
What are the prime factors of 63228022?
2, 11, 13, 221077
List the prime factors of 16304135.
5, 3260827
What are the prime factors of 123164896?
2, 3848903
List the prime factors of 184822553.
6949, 26597
List the prime factors of 250033013.
37, 431, 15679
List the prime factors of 94313871.
3, 53, 149, 1327
What are the prime factors of 16487054?
2, 571, 14437
What are the prime factors of 116132069?
116132069
List the prime factors of 3013736362.
2, 7, 13, 31, 17231
What are the prime factors of 7474446?
2, 3, 7, 137, 433
What are the prime factors of 505330819?
7, 72190117
What are the prime factors of 5914174734?
2, 3, 13, 25274251
List the prime factors of 147771892.
2, 19, 881, 2207
What are the prime factors of 1394067096?
2, 3, 103, 317, 593
List the prime factors of 3582076914.
2, 3, 13, 2393, 6397
What are the prime factors of 84368747?
84368747
What are the prime factors of 14589597?
3, 11, 442109
List the prime factors of 109695306.
2, 3, 7, 37, 70589
List the prime factors of 290844974.
2, 7, 1499, 13859
List the prime factors of 1512041403.
3, 211, 887, 2693
What are the prime factors of 1002927181?
1002927181
List the prime factors of 4537726674.
2, 3, 13, 397, 146539
What are the prime factors of 108768780?
2, 3, 5, 79, 7649
What are the prime factors of 41027666?
2, 20513833
What are the prime factors of 133261362?
2, 3, 13, 63277
List the prime factors of 1859235284.
2, 103, 4512707
What are the prime factors of 71150716?
2, 7, 13, 195469
List the prime factors of 484816851.
3, 53868539
List the prime factors of 561915228.
2, 3, 7, 43, 155569
List the prime factors of 18473920.
2, 5, 57731
What are the prime factors of 30999841?
541, 57301
List the prime factors of 2936077591.
2936077591
What are the prime factors of 651425770?
2, 5, 65142577
List the prime factors of 12796221.
3, 29, 147083
List the prime factors of 2661082084.
2, 665270521
List the prime factors of 1269926856.
2, 3, 11, 59, 9059
What are the prime factors of 338922407?
1481, 228847
List the prime factors of 85891826.
2, 42945913
List the prime factors of 135438724.
2, 33859681
List the prime factors of 309017016.
2, 3, 7, 11, 139, 401
What are the prime factors of 353230173?
3, 547, 23917
List the prime factors of 10805100.
2, 3, 5, 36017
List the prime factors of 89679960.
2, 3, 5, 89, 311
List the prime factors of 30992381.
7, 89, 49747
What are the prime factors of 3071064634?
2, 11, 139593847
What are the prime factors of 60448888?
2, 2081, 3631
What are the prime factors of 2345320095?
3, 5, 156354673
What are the prime factors of 71112182?
2, 23, 1545917
List the prime factors of 580187973.
3, 3527, 54833
List the prime factors of 687610756.
2, 7, 337, 72871
List the prime factors of 12231230.
2, 5, 11, 251, 443
What are the prime factors of 22222763?
59, 376657
What are the prime factors of 42036299?
353, 119083
What are the prime factors of 1028971344?
2, 3, 31, 97, 7129
What are the prime factors of 873343768?
2, 11, 97, 101, 1013
List the prime factors of 5375840.
2, 5, 33599
List the prime factors of 1778855912.
2, 5437, 40897
List the prime factors of 1646018894.
2, 13, 63308419
What are the prime factors of 69069631?
69069631
List the prime factors of 143157507.
3, 47719169
What are the prime factors of 102870706?
2, 17, 43, 4139
List the prime factors of 149518797.
3, 31, 47, 79, 433
What are the prime factors of 3423718693?
67, 97, 5431
What are the prime factors of 636433850?
2, 5, 13, 709, 1381
List the prime factors of 422590353.
3, 1427, 98713
List the prime factors of 563887648.
2, 17621489
List the prime factors of 263200075.
5, 31, 339613
List the prime factors of 93264716.
2, 37, 630167
List the prime factors of 141893714.
2, 5641, 12577
What are the prime factors of 156152369?
89, 883, 1987
What are the prime factors of 2295378581?
19, 120809399
What are the prime factors of 9488465?
5, 7, 17, 37, 431
What are the prime factors of 1961128760?
2, 5, 37, 139, 9533
What are the prime factors of 566190159?
3, 43, 4389071
List the prime factors of 328392852.
2, 3, 27366071
List the prime factors of 211262935.
5, 13, 23, 251, 563
List the prime factors of 201899379.
3, 11, 6118163
List the prime factors of 8056464.
2, 3, 13, 12911
List the prime factors of 3012824851.
19, 2593, 61153
List the prime factors of 59359731.
3, 47, 73, 79
What are the prime factors of 40240141?
151, 266491
What are the prime factors of 55716498?
2, 3, 114643
List the prime factors of 542246743.
542246743
List the prime factors of 22037396.
2, 5509349
What are the prime factors of 29934495?
3, 5, 221737
List the prime factors of 669089640.
2, 3, 5, 5575747
What are the prime factors of 11084328?
2, 3, 153949
What are the prime factors of 2263830190?
2, 5, 29, 7806311
List the prime factors of 172336942.
2, 4657, 18503
What are the prime factors of 195817592?
2, 199, 123001
List the prime factors of 492661512.
2, 3, 7, 29, 37, 911
List the prime factors of 310437774.
2, 3, 131, 173, 761
What are the prime factors of 41880453?
3, 13960151
What are the prime factors of 5401381182?
2, 3, 103, 461, 18959
List the prime factors of 5755771573.
5755771573
List the prime factors of 498626545.
5, 23, 4335883
What are the prime factors of 33331841?
33331841
List the prime factors of 65635546.
2, 2477, 13249
List the prime factors of 62147777.
31, 1399, 1433
List the prime factors of 31481202.
2, 3, 5246867
What are the prime factors of 80652616?
2, 11, 916507
What are the prime factors of 3725610710?
2, 5, 67, 5560613
What are the prime factors of 1180570441?
41, 283, 101747
List the prime factors of 219316549.
219316549
List the prime factors of 236258571.
3, 17, 199, 23279
What are the prime factors of 2816462?
2, 11, 128021
List the prime factors of 2092194314.
2, 7, 149442451
What are the prime factors of 54391646?
2, 29, 43, 113, 193
List the prime factors of 3335615201.
1627, 2050163
What are the prime factors of 38554594?
2, 13, 1482869
What are the prime factors of 140428945?
5, 83, 338383
List the prime factors of 2102492093.
13, 67, 2413883
List the prime factors of 446806896.
2, 3, 149, 62473
What are the prime factors of 49572757?
13, 3813289
List the prime factors of 24995671.
599, 41729
What are the prime factors of 1290520310?
2, 5, 211, 611621
List the prime factors of 26853336.
2, 3, 17, 71, 103
What are the prime factors of 428677795?
5, 7, 13, 23, 137
What are the prime factors of 75083671?
13, 5775667
List the prime factors of 100054131.
3, 33351377
What are the prime factors of 205985090?
2, 5, 17, 1211677
What are the prime factors of 390942035?
5, 11, 83, 85639
What are the prime factors of 2297020184?
2, 523, 549001
What are the prime factors of 12758243?
281, 45403
What are the prime factors of 4375288424?
2, 13, 42070081
What are the prime factors of 108233166?
2, 3, 18038861
What are the prime factors of 1991997292?
2, 497999323
What are the prime factors of 49535032?
2, 227, 27277
What are the prime factors of 44006798?
2, 11, 2000309
What are the prime factors of 658791599?
17, 23, 661, 2549
List the prime factors of 870207079.
7, 97, 757, 1693
List the prime factors of 1058940214.
2, 211, 2509337
List the prime factors of 59901947.
7, 8557421
What are the prime factors of 249969691?
249969691
What are the prime factors of 57296641?
57296641
List the prime factors of 1116971852.
2, 279242963
What are the prime factors of 1205447886?
2, 3, 79, 282571
What are the prime factors of 1314221033?
17471, 75223
List the prime factors of 126502085.
5, 25300417
List the prime factors of 153157033.
29, 269, 677
List the prime factors of 131811220.
2, 5, 479, 13759
List the prime factors of 69257785.
5, 179, 77383
List the prime factors of 675538582.
2, 337769291
List the prime factors of 1694325483.
3, 7919, 23773
What are the prime factors of 54690414?
2, 3, 9115069
List the prime factors of 629351029.
71, 8864099
What are the prime factors of 633109252?
2, 158277313
What are the prime factors of 196414